{"id":17,"date":"2020-03-09T14:08:32","date_gmt":"2020-03-09T14:08:32","guid":{"rendered":"https:\/\/zoiahorn.anarchaserver.org\/holobionte\/?page_id=17"},"modified":"2022-11-30T18:53:53","modified_gmt":"2022-11-30T18:53:53","slug":"holobionte-1","status":"publish","type":"page","link":"https:\/\/zoiahorn.anarchaserver.org\/holobionte\/holobionte-1\/","title":{"rendered":"Archives"},"content":{"rendered":"<div><\/div>\n<div><strong>HOLOBIONTE #1<\/strong><\/div>\n<div><\/div>\n<div id=\"magicdomid255\" class=\"ace-line\"><span class=\"author-a-aqhz76zrz122zz76zz75zpfz87zz72zz74zz87z9e\"><strong>Bandits-Mages<\/strong> fut le cocon de notre f\u00e9condation (Laboratoire de performance<\/span><span class=\"author-a-z90zuz86zz77zasz90zyz73zz68zcamz85zcz83z\">s <\/span><span class=\"author-a-aqhz76zrz122zz76zz75zpfz87zz72zz74zz87z9e\">environnementale<\/span><span class=\"author-a-z90zuz86zz77zasz90zyz73zz68zcamz85zcz83z\">s<\/span><span class=\"author-a-aqhz76zrz122zz76zz75zpfz87zz72zz74zz87z9e\">,<\/span> <span class=\"author-a-z90zuz86zz77zasz90zyz73zz68zcamz85zcz83z b i\"><b><i>pollinACTIONS, <\/i><\/b><\/span><span class=\"author-a-aqhz76zrz122zz76zz75zpfz87zz72zz74zz87z9e\">Novembre 2019<\/span><span class=\"author-a-aqhz76zrz122zz76zz75zpfz87zz72zz74zz87z9e\">), il nous est apparu \u00e9vident qu\u2019iel devrait \u00eatre le lieu de notre naissance en cette premi\u00e8re r\u00e9sidence.\u00a0<\/span><\/div>\n<div><\/div>\n<div class=\"ace-line\"><span class=\"author-a-aqhz76zrz122zz76zz75zpfz87zz72zz74zz87z9e\"><span class=\"author-a-aqhz76zrz122zz76zz75zpfz87zz72zz74zz87z9e\"><br \/>\n<\/span><\/span>Pour cette \u00e9mergence, nous aimerions entrer en corps avec ce territoire connect\u00e9 aux forces obscures ancestrales qu\u2019est le Berry, et certain.e.s de ses acteurices modernes (magn\u00e9tiseurEs, herboristes, shamanEs, permaculteurices, &#8230;).<\/div>\n<p>Nous cohabiterons avec cet espace en am\u00e9nageant un campement temporaire d\u2019une quinzaine de jours, au printemps. Cette base, telle un \u00e9co-hackerspace, sera un camp de repli, de travail, de fomentation et de digestion des explorations, rencontres, mises en lien, collaborations diverses que nous m\u00e8nerons sur un territoire plus vaste. Nous nous exponentialiseront en invitant d\u2019autres participant.e.s \u00e0 faire groupLe avec nous . Ce sera le moment intense et prolifique de la r\u00e9sidence<\/p>\n<div id=\"magicdomid257\" class=\"ace-line\"><span class=\"author-a-aqhz76zrz122zz76zz75zpfz87zz72zz74zz87z9e\">D\u00e9but mai, parce que c\u2019est le moment de l\u2019explosion v\u00e9g\u00e9tale, et que nous cherchons \u00e0 \u00eatre lien avec le vivant, comme un shab<\/span><span class=\"author-a-z90zuz86zz77zasz90zyz73zz68zcamz85zcz83z\">b<\/span><span class=\"author-a-aqhz76zrz122zz76zz75zpfz87zz72zz74zz87z9e\">at rituel d\u2019ode au v\u00e9g\u00e9tal et son extr\u00eame prolif\u00e9ration du printemps.\u00a0<\/span><\/div>\n<div>\n<div>Nous cr\u00e9erons une communaut\u00e9 \u00e9ph\u00e9m\u00e8re d&#8217;une semaine, o\u00f9 les diff\u00e9rents <i>je<\/i> fusionneront en un <i>nous<\/i>\u00a0le temps de la symbiose,\u00a0pour r\u00e9fl\u00e9chir et exp\u00e9rimenter ce que pourrait \u00eatre une communaut\u00e9 \u00e9cosexuelle.<\/div>\n<div><\/div>\n<div id=\"m_-9203494242514400949gmail-magicdomid635\"><\/div>\n<\/div>\n<p>&nbsp;<\/p>\n<p><strong>Parmi les d\u00e9sirs<\/strong>:<\/p>\n<div id=\"m_-9203494242514400949gmail-magicdomid287\">&#8211; cabanes et am\u00e9nagements autoconstruits\/ tente \u00e0 broder<\/div>\n<div id=\"m_-9203494242514400949gmail-magicdomid366\">&#8211; broderie collective d&#8217;une repr\u00e9sentation de la symbiose #1 sur tente<\/div>\n<div id=\"m_-9203494242514400949gmail-magicdomid443\">&#8211; prise de son pour podcast: hackmour, shamanisme et sororit\u00e9<\/div>\n<div id=\"m_-9203494242514400949gmail-magicdomid655\">&#8211; exp\u00e9rimentation et tentative de r\u00e9alisation d&#8217;images \u00e9cosexuelles<\/div>\n<div id=\"m_-9203494242514400949gmail-magicdomid680\">&#8211; arpentage et lectures collectives : Nos cabanes, Marielle Mac\u00e9\/ Habiter en Oiseau, Vinciane Despret\/ Joyfull militancy<\/div>\n<div id=\"m_-9203494242514400949gmail-magicdomid683\">\u00a0\u00a0\u00a0\u00a0\u00a0\u00a0\u00a0\u00a0\u00a0\u00a0 <a href=\"https:\/\/theanarchistlibrary.org\/library\/joyful-militancy-bergman-montgomery\" target=\"_blank\" rel=\"noopener noreferrer\" data-saferedirecturl=\"https:\/\/www.google.com\/url?q=https:\/\/theanarchistlibrary.org\/library\/joyful-militancy-bergman-montgomery&amp;source=gmail&amp;ust=1583845410982000&amp;usg=AFQjCNGfw7o3TmXZhKVNOvY2EChIdScsXg\">https:\/\/theanarchistlibrary.org\/library\/joyful-militancy-bergman-montgomery<\/a><\/div>\n<div>\u00a0\u00a0\u00a0\u00a0\u00a0\u00a0\u00a0\u00a0\u00a0 &#8211; soin: pratiques et rituels pour exorciser nos maux, nos peurs et nos blessures capitalistes et patriarcales. R\u00e9appropriation du travail qui relie (ecopsychologie\/ Joana Macy) d&#8217;un point de vue queer.\u00a0 Rituels \u00e0 partir de R\u00eaver l&#8217;obscur, Starhawk et Planet Orgasm d&#8217;Annie Sprinkle.<\/div>\n<div>\u00a0\u00a0\u00a0\u00a0\u00a0\u00a0\u00a0\u00a0\u00a0\u00a0 &#8211; amorcer des brochures et fanzines sur nos r\u00e9flexions et outils autour de la question de communaut\u00e9<\/div>\n<div>\u00a0\u00a0\u00a0\u00a0\u00a0\u00a0\u00a0\u00a0\u00a0\u00a0 &#8211; continuer le jeu de carte sur les plantes\/ proprit\u00e9s th\u00e9rapeutiques et magiques<\/div>\n<div>\u00a0\u00a0\u00a0\u00a0\u00a0\u00a0\u00a0\u00a0\u00a0\u00a0 &#8211; commencer un jeu de carte divinatoire avec les micro-organismes infiltr\u00e9s<\/div>\n<div><\/div>\n<p>&nbsp;<\/p>\n<div id=\"magicdomid259\" class=\"ace-line\"><a href=\"https:\/\/zoiahorn.anarchaserver.org\/holobionte\/holobionte-0-lab-de-perf-env\/\"><span class=\"author-a-z90zuz86zz77zasz90zyz73zz68zcamz85zcz83z url\">Holobionte #0 &#8211; Laboratoire de Performance Environnementale<\/span><\/a><\/div>\n<div id=\"magicdomid260\" class=\"ace-line\"><\/div>\n","protected":false},"excerpt":{"rendered":"<p>HOLOBIONTE #1 Bandits-Mages fut le cocon de notre f\u00e9condation (Laboratoire de performances environnementales, pollinACTIONS, Novembre 2019), il nous est apparu \u00e9vident qu\u2019iel devrait \u00eatre le lieu de notre naissance en cette premi\u00e8re r\u00e9sidence.\u00a0 Pour cette \u00e9mergence, nous aimerions entrer en corps avec ce territoire connect\u00e9 aux forces obscures ancestrales qu\u2019est le Berry, et certain.e.s de &hellip; <\/p>\n<p class=\"link-more\"><a href=\"https:\/\/zoiahorn.anarchaserver.org\/holobionte\/holobionte-1\/\" class=\"more-link\">Continue reading<span class=\"screen-reader-text\"> &#8220;Archives&#8221;<\/span><\/a><\/p>\n","protected":false},"author":13,"featured_media":0,"parent":0,"menu_order":0,"comment_status":"closed","ping_status":"closed","template":"","meta":{"footnotes":""},"class_list":["post-17","page","type-page","status-publish","hentry"],"_links":{"self":[{"href":"https:\/\/zoiahorn.anarchaserver.org\/holobionte\/wp-json\/wp\/v2\/pages\/17","targetHints":{"allow":["GET"]}}],"collection":[{"href":"https:\/\/zoiahorn.anarchaserver.org\/holobionte\/wp-json\/wp\/v2\/pages"}],"about":[{"href":"https:\/\/zoiahorn.anarchaserver.org\/holobionte\/wp-json\/wp\/v2\/types\/page"}],"author":[{"embeddable":true,"href":"https:\/\/zoiahorn.anarchaserver.org\/holobionte\/wp-json\/wp\/v2\/users\/13"}],"replies":[{"embeddable":true,"href":"https:\/\/zoiahorn.anarchaserver.org\/holobionte\/wp-json\/wp\/v2\/comments?post=17"}],"version-history":[{"count":18,"href":"https:\/\/zoiahorn.anarchaserver.org\/holobionte\/wp-json\/wp\/v2\/pages\/17\/revisions"}],"predecessor-version":[{"id":127,"href":"https:\/\/zoiahorn.anarchaserver.org\/holobionte\/wp-json\/wp\/v2\/pages\/17\/revisions\/127"}],"wp:attachment":[{"href":"https:\/\/zoiahorn.anarchaserver.org\/holobionte\/wp-json\/wp\/v2\/media?parent=17"}],"curies":[{"name":"wp","href":"https:\/\/api.w.org\/{rel}","templated":true}]}}