{"id":2,"date":"2019-06-26T08:15:49","date_gmt":"2019-06-26T08:15:49","guid":{"rendered":"https:\/\/zoiahorn.anarchaserver.org\/misexualidad\/?page_id=2"},"modified":"2019-07-07T20:54:11","modified_gmt":"2019-07-07T20:54:11","slug":"creditos","status":"publish","type":"page","link":"https:\/\/zoiahorn.anarchaserver.org\/misexualidad\/creditos\/","title":{"rendered":"Cr\u00e9ditos"},"content":{"rendered":"<p align=\"justify\"><img loading=\"lazy\" decoding=\"async\" class=\"alignnone wp-image-35\" src=\"https:\/\/zoiahorn.anarchaserver.org\/misexualidad\/wp-content\/uploads\/sites\/6\/2019\/07\/MSEUCA_lucia_egana04-300x225.jpg\" alt=\"\" width=\"543\" height=\"407\" srcset=\"https:\/\/zoiahorn.anarchaserver.org\/misexualidad\/wp-content\/uploads\/sites\/6\/2019\/07\/MSEUCA_lucia_egana04-300x225.jpg 300w, https:\/\/zoiahorn.anarchaserver.org\/misexualidad\/wp-content\/uploads\/sites\/6\/2019\/07\/MSEUCA_lucia_egana04-768x576.jpg 768w, https:\/\/zoiahorn.anarchaserver.org\/misexualidad\/wp-content\/uploads\/sites\/6\/2019\/07\/MSEUCA_lucia_egana04-1024x768.jpg 1024w\" sizes=\"auto, (max-width: 543px) 100vw, 543px\" \/><\/p>\n<p align=\"justify\"><span style=\"color: #000000\"><span style=\"font-family: Arial Narrow, sans-serif\"><span style=\"font-size: small\"><b>T\u00edtulo: <\/b>Mi sexualidad es una creaci\u00f3n art\u00edstica<\/span><\/span><\/span><\/p>\n<p align=\"justify\"><span style=\"color: #000000\"><span style=\"font-family: Arial Narrow, sans-serif\"><span style=\"font-size: small\"><b>G\u00e9nero: <\/b>Documental<\/span><\/span><\/span><\/p>\n<p align=\"justify\"><span style=\"color: #000000\"><span style=\"font-family: Arial Narrow, sans-serif\"><span style=\"font-size: small\"><b>Pa\u00eds: <\/b>Espa\u00f1a<\/span><\/span><\/span><\/p>\n<p align=\"justify\"><span style=\"color: #000000\"><span style=\"font-family: Arial Narrow, sans-serif\"><span style=\"font-size: small\"><b>A\u00f1o: <\/b>2011<\/span><\/span><\/span><\/p>\n<p align=\"justify\"><span style=\"color: #000000\"><span style=\"font-family: Arial Narrow, sans-serif\"><span style=\"font-size: small\"><b>Formato de producci\u00f3n: <\/b>miniDV, color <\/span><\/span><\/span><\/p>\n<p align=\"justify\"><span style=\"color: #000000\"><span style=\"font-family: Arial Narrow, sans-serif\"><span style=\"font-size: small\"><b>Duraci\u00f3n: <\/b>46 minutos<\/span><\/span><\/span><\/p>\n<p align=\"justify\"><span style=\"color: #000000\"><span style=\"font-family: Arial Narrow, sans-serif\"><span style=\"font-size: small\"><b>Realizaci\u00f3n: <\/b>Luc\u00eda Ega\u00f1a Rojas<\/span><\/span><\/span><\/p>\n<p align=\"justify\"><span style=\"color: #000000\"><span style=\"font-family: Arial Narrow, sans-serif\"><span style=\"font-size: small\"><b>C\u00e1mara (entrevistas): <\/b>David Batlle, Luc\u00eda Ega\u00f1a<\/span><\/span><\/span><\/p>\n<p align=\"justify\"><span style=\"color: #000000\"><span style=\"font-family: Arial Narrow, sans-serif\"><span style=\"font-size: small\"><b>Estructura y montaje: <\/b>Luc\u00eda Ega\u00f1a Rojas<\/span><\/span><\/span><\/p>\n<p align=\"justify\"><span style=\"color: #000000\"><span style=\"font-family: Arial Narrow, sans-serif\"><span style=\"font-size: small\"><b>Sonido: <\/b>Thomas Renaud<\/span><\/span><\/span><span style=\"font-family: Arial Narrow, sans-serif\"><span style=\"font-size: small\">Licencia: Creative Commons (sa-nc-sa)<\/span><\/span><\/p>\n<p align=\"justify\"><span style=\"font-family: Verdana, sans-serif\"><span style=\"font-size: small\"><span style=\"font-family: Arial Narrow, sans-serif\"><b>M\u00fasica: <\/b><\/span><span style=\"font-family: Arial Narrow, sans-serif\">Brian Su\u00e1rez (Gater) \/ Odil Bright \/ Andy Clark \/ Diana J. Torres<br \/>\n<\/span><\/span><\/span><\/p>\n<p align=\"justify\"><span style=\"font-family: Verdana, sans-serif\"><span style=\"font-size: small\"><span style=\"color: #000000\"><span style=\"font-family: Arial Narrow, sans-serif\"><b>Con la aparici\u00f3n de:<br \/>\n<\/b><\/span><\/span><span style=\"color: #000000\"><span style=\"font-family: Arial Narrow, sans-serif\">Mar\u00eda Llopis, Go Fist Foundation (Idoia + Karolina\/Spina), La Quimera Rosa (Yan + Cecilia), Diana J. Torres aka Pornoterrorista, Post-Op (Elena + Majo), Annie Sprinkle &amp; Beth Stephens, Marianissima, Ex-dones, Itziar Ziga, dj Doroti \/ tokioss, videoarmsidea, Perrxs Horizontales<\/span><\/span><span style=\"font-family: Arial Narrow, sans-serif\"><br \/>\n<\/span><\/span><\/span><\/p>\n<p><span style=\"font-family: Arial Narrow, sans-serif\"><span style=\"font-size: small\"><i><b>Mi sexualidad es una creaci\u00f3n art\u00edstica<\/b><\/i> cont\u00f3 con la ayuda del Centro de Cultura de Dones Francesca Bonnemaison<span style=\"color: #000000\"><b><br \/>\n<\/b><\/span><\/span><\/span><\/p>\n<p><span style=\"font-family: Arial Narrow, sans-serif\"><span style=\"font-size: small\"><span style=\"color: #000000\"><span style=\"font-family: Arial Narrow\"><span style=\"font-size: large\"><span lang=\"es-ES\"><b>Trailer: <\/b><\/span><\/span><\/span><\/span><a href=\"http:\/\/vimeo.com\/18938067\"><span style=\"color: #000000\"><span style=\"font-family: Arial Narrow\"><span lang=\"es-ES\"><b>http:\/\/vimeo.com\/18938067<\/b><\/span><\/span><\/span><\/a><\/span><\/span><\/p>\n","protected":false},"excerpt":{"rendered":"<p>T\u00edtulo: Mi sexualidad es una creaci\u00f3n art\u00edstica G\u00e9nero: Documental Pa\u00eds: Espa\u00f1a A\u00f1o: 2011 Formato de producci\u00f3n: miniDV, color Duraci\u00f3n: 46 minutos Realizaci\u00f3n: Luc\u00eda Ega\u00f1a Rojas C\u00e1mara (entrevistas): David Batlle, Luc\u00eda Ega\u00f1a Estructura y montaje: Luc\u00eda Ega\u00f1a Rojas Sonido: Thomas RenaudLicencia: Creative Commons (sa-nc-sa) M\u00fasica: Brian Su\u00e1rez (Gater) \/ Odil Bright \/ Andy Clark \/ Diana &hellip; <\/p>\n<p class=\"link-more\"><a href=\"https:\/\/zoiahorn.anarchaserver.org\/misexualidad\/creditos\/\" class=\"more-link\">Continue reading<span class=\"screen-reader-text\"> &#8220;Cr\u00e9ditos&#8221;<\/span><\/a><\/p>\n","protected":false},"author":7,"featured_media":0,"parent":0,"menu_order":0,"comment_status":"closed","ping_status":"open","template":"","meta":{"footnotes":""},"class_list":["post-2","page","type-page","status-publish","hentry"],"_links":{"self":[{"href":"https:\/\/zoiahorn.anarchaserver.org\/misexualidad\/wp-json\/wp\/v2\/pages\/2","targetHints":{"allow":["GET"]}}],"collection":[{"href":"https:\/\/zoiahorn.anarchaserver.org\/misexualidad\/wp-json\/wp\/v2\/pages"}],"about":[{"href":"https:\/\/zoiahorn.anarchaserver.org\/misexualidad\/wp-json\/wp\/v2\/types\/page"}],"author":[{"embeddable":true,"href":"https:\/\/zoiahorn.anarchaserver.org\/misexualidad\/wp-json\/wp\/v2\/users\/7"}],"replies":[{"embeddable":true,"href":"https:\/\/zoiahorn.anarchaserver.org\/misexualidad\/wp-json\/wp\/v2\/comments?post=2"}],"version-history":[{"count":7,"href":"https:\/\/zoiahorn.anarchaserver.org\/misexualidad\/wp-json\/wp\/v2\/pages\/2\/revisions"}],"predecessor-version":[{"id":47,"href":"https:\/\/zoiahorn.anarchaserver.org\/misexualidad\/wp-json\/wp\/v2\/pages\/2\/revisions\/47"}],"wp:attachment":[{"href":"https:\/\/zoiahorn.anarchaserver.org\/misexualidad\/wp-json\/wp\/v2\/media?parent=2"}],"curies":[{"name":"wp","href":"https:\/\/api.w.org\/{rel}","templated":true}]}}