{"id":485,"date":"2022-07-21T15:57:15","date_gmt":"2022-07-21T15:57:15","guid":{"rendered":"https:\/\/zoiahorn.anarchaserver.org\/thf2022\/?page_id=485"},"modified":"2022-07-21T22:17:13","modified_gmt":"2022-07-21T22:17:13","slug":"bienvenides-a-la-convergencia-transhackfeminista-2022","status":"publish","type":"page","link":"https:\/\/zoiahorn.anarchaserver.org\/thf2022\/bienvenides-a-la-convergencia-transhackfeminista-2022\/","title":{"rendered":"Bienvenides a la Convergencia TransHackFeminista 2022"},"content":{"rendered":"<p><img loading=\"lazy\" decoding=\"async\" class=\"alignnone size-full wp-image-488\" src=\"https:\/\/zoiahorn.anarchaserver.org\/thf2022\/wp-content\/uploads\/sites\/10\/2022\/07\/02.jpg\" alt=\"\" width=\"438\" height=\"640\" \/><\/p>\n<p><a href=\"#ENG\">ENG<\/a> &#8211; <a href=\"#FR\">FR<\/a> &#8211; <a href=\"#IT\">IT<\/a><\/p>\n<div>\n<div>\n<div>\n<div>\n<p>Hace algunos meses comenz\u00f3 esta aventura de convocarnos una vez m\u00e1s a un espacio de encuentro f\u00edsico, de esos en los que hallamos complicidades (entrelazarnos) y generamos conspiraciones (aspirar juntxs).<\/p>\n<p>En ese momento nuestro coraz\u00f3n hab\u00eda ya iniciado un viaje que ahora nuestras cuerpas completan y mientras viajemos al THF\u00a0 podremos pensar en nuestras amigas, ancestras y hermanas peque\u00f1as.<\/p>\n<p>Mientras iniciemos el recorrido podremos recordar lo que nos sostiene en nuestras vidas cotidianas, y lo que nos sostiene cuando estamos atravesando momentos extraordinarios, cuando estamos fuertes y cuando andamos vulnerables. \u00bfQui\u00e9nes son las que nos sostienen? \u00bfQu\u00e9 es lo que nos sostiene? Luego podremos pensar en como nosotras sostenemos lo que y las que nos sostienen.<\/p>\n<p>Por debajo y por los lados, a veces precaria, a veces poco visible o invisibilizada. \u00bfCual es nuestra infraestructura feminista? La que nos regala un colch\u00f3n, una madriguera, un espacio de paz, agua fresca y sombra cuando estamos on fire. La que nos comparte un pedacito de tierra desde la cual podemos ver las estrellas e imaginar posibilidades.<\/p>\n<p>Mientras viajemos podremos pensar en qu\u00e9 recuerdos queremos construir en ese futuro cercano y compartido, en ese espacio tiempo en el cual dibujaremos nuestra utop\u00eda situada. Recuerdos del pasado y del futuro presente que nos podamos llevar de vuelta\u00a0con nosotras hacia nuestras\u00a0habitaciones conectadas, nuestros centros sociales, hacia los huertos, r\u00edos y ecosistemas del cual formamos parte.<\/p>\n<p>Mientras estemos en movimiento, sabremos qu\u00e9 bagaje necesitamos con nosotras, que llevaremos encima, que albergamos en nuestros ojos y coraz\u00f3n. Recordamos que muchas de nosotras necesitamos sanar por todas las violencias que enfrentamos y mitigamos. Intentaremos crear un espacio fuera del pacto patriarcapitalista.<\/p>\n<p>Mientras viajemos al THF recordaremos tambi\u00e9n que han sido tiempos dif\u00edciles para muchas y prepararemos nuestros corazones y pensamientos para reconocernos, para desde la ternura mirarnos y darnos espacio si hace falta para el error, recordar que nuestras cuerpas pueden llegar cansados y alterados despu\u00e9s del aislamiento y con paciencia y cari\u00f1ito permitirnos que lo que somos vaya sincronizando.<\/p>\n<p>Las transfeministas estamos en pie, luchamos, corremos, apagamos\u00a0 y encendemos fuegos, cuidamos, y sostenemos mientras otras tambi\u00e9n nos sostienen. Deseamos que el THF sea ese espacio para vernos y poder &#8230;. bailar, descansar, inspirarnos, reconocernos y respirar juntes.<\/p>\n<p>Ojal\u00e1 \u00a0lleguen con ganas de re\u00edrse, charlar, escuchar, compartir, tejer nuevas redes, fortalecer antiguas. Deseamos puedan encontrar en estos d\u00edas un manantial de paz, tranquilidad y descanso para recargar energ\u00edas y (des)hacer juntas, las unas con las otras.<\/p>\n<p>Nos vemos en pocos d\u00edas, el encuentro ser\u00e1 temporal, hablaremos varios idiomas, usaremos nuestras inteligencias y emociones colectivas, pasaremos calor y a veces tambi\u00e9n tendremos piel de gallina, nos rascaremos las picaduras, y con esos momentos juntas trazaremos seguramente nuevas potencialidades, nuevos presentes posibles.<\/p>\n<p>un abrazo afectuoso<\/p>\n<p><strong id=\"ENG\">ENGLISH<\/strong><\/p>\n<p>A few months ago we began this adventure of summoning ourselves once again to a physical meeting space, one of those in which we find complicities (intertwining) and generate conspiracies (aspiring together).<\/p>\n<p>At that moment our heart had already started a journey that now our bodies complete and while we travel to the THF we will be able to think of our friends, ancestors and little sisters.<\/p>\n<p>As we begin the journey we can remember what sustains us in our daily lives, and what sustains us when we are going through extraordinary moments, when we are strong and when we are vulnerable. Who are the ones who sustain us? What is it that sustains us? Then we can think about how we hold what and who holds us.<\/p>\n<p>From below and from the sides, sometimes precarious, sometimes not very visible or invisible. What is our feminist infrastructure? The one that gives us a mattress, a den, a space of peace, fresh water and shade when we are on fire. The one that shares with us a little piece of land from which we can see the stars and imagine possibilities.<\/p>\n<p>As we travel we can think about what memories we want to build in that near and shared future, in that space-time in which we will draw our situated utopia. Memories of the past and of the present future that we can take back with us to our connected rooms, our social centers, to the orchards, rivers and ecosystems of which we are a part.<\/p>\n<p>As long as we are on the move, we will know what baggage we need with us, what we carry with us, what we hold in our eyes and hearts. We remember that many of us need to heal from all the violence we face and mitigate. We will attempt to create a space outside of the patriarchal-capitalist pact.<\/p>\n<p>As we travel to the THF we will also remember that these have been difficult times for many and we will prepare our hearts and thoughts to recognize each other, to look at each other with tenderness and give each other space if necessary for error, to remember that our bodies can arrive tired and altered after isolation and with patience and affection we will allow what we are to synchronize.<\/p>\n<p>Transfeminists we stand, we fight, we run, we put out and light fires, we care, and we hold while others also hold us. We want the THF to be that space to see each other and to be able to &#8230;. to dance, to rest, to be inspired, to recognize each other and to breathe together.<\/p>\n<p>We hope you arrive with the desire to laugh, chat, listen, share, weave new networks, strengthen old ones. We hope you can find in these days a source of peace, tranquility and rest to recharge energies and (dis)do together, with each other.<\/p>\n<p>We will see each other in a few days, the meeting will be temporary, we will speak several languages, we will use our collective intelligence and emotions, we will be hot and sometimes we will also have goose bumps, we will scratch our itches, and with these moments together we will surely trace new potentialities, new possible presents.<\/p>\n<p>an affectionate embrace<\/p>\n<p><strong id=\"FR\">FRANCAIS<\/strong><\/p>\n<p>Il y a quelques mois, nous avons commenc\u00e9 cette aventure qui consiste \u00e0 nous r\u00e9unir une fois de plus dans un espace physique de rencontre, un de ceux dans lesquels nous trouvons des complicit\u00e9s (s&#8217;entrem\u00ealer) et g\u00e9n\u00e9rons des conspirations (aspirer ensemble).<\/p>\n<p>\u00c0 ce moment-l\u00e0, nos c\u0153urs avaient d\u00e9j\u00e0 commenc\u00e9 un voyage que nos corps ach\u00e8vent maintenant et, alors que nous voyageons vers le THF, nous pouvons penser \u00e0 nos ami.e.s, nos anc\u00eatres et nos petites s\u0153urs.<\/p>\n<p>En commen\u00e7ant ce voyage, nous pouvons nous rappeler ce qui nous soutient dans notre vie quotidienne, et ce qui nous soutient lorsque nous traversons des moments extraordinaires, lorsque nous sommes fort.e.s et lorsque nous sommes vuln\u00e9rables. Qui sont ceux et celles qui nous soutiennent ? Qu&#8217;est-ce qui nous soutient ? Ensuite, nous pouvons r\u00e9fl\u00e9chir \u00e0 la mani\u00e8re dont nous soutenons ce qui nous soutiennent.<\/p>\n<p>Par le bas et par les c\u00f4t\u00e9s, parfois pr\u00e9caires, parfois \u00e0 peine visible ou invisible, quelle est notre infrastructure f\u00e9ministe ? Celle qui nous offre un matelas, une tani\u00e8re, un espace de paix, de l&#8217;eau fra\u00eeche et de l&#8217;ombre quand nous sommes en feu. Celle qui partage avec nous un petit bout de terre d&#8217;o\u00f9 nous pouvons voir les \u00e9toiles et imaginer des possibilit\u00e9s.<\/p>\n<p>En voyageant, nous pouvons r\u00e9fl\u00e9chir aux souvenirs que nous voulons construire dans ce futur proche et partag\u00e9, dans cet espace-temps dans lequel nous dessinerons notre utopie situ\u00e9e. Des souvenirs du pass\u00e9 et du pr\u00e9sent futur que nous pouvons ramener avec nous dans nos salles connect\u00e9es, nos centres sociaux, dans les vergers, les rivi\u00e8res et les \u00e9cosyst\u00e8mes dont nous faisons partie.<\/p>\n<p>Tant que nous serons en mouvement, nous saurons quel bagage nous devons avoir avec nous, ce que nous portons avec nous, ce que nous avons dans les yeux et dans le c\u0153ur. Nous nous rappelerons que beaucoup d&#8217;entre nous ont besoin de gu\u00e9rir de toute la violence \u00e0 laquelle elles sont confront\u00e9es et qu&#8217;elles contribuent \u00e0 att\u00e9nuer. Nous allons essayer de cr\u00e9er un espace en dehors du pacte patriarcal-capitaliste.<\/p>\n<p>En voyageant vers le THF, nous nous souviendrons aussi que ces temps ont \u00e9t\u00e9 difficiles pour beaucoup et nous pr\u00e9parerons nos c\u0153urs et nos pens\u00e9es \u00e0 nous reconna\u00eetre, \u00e0 nous regarder avec tendresse et \u00e0 nous donner de l&#8217;espace si n\u00e9cessaire pour l&#8217;erreur, \u00e0 nous rappeler que nos corps peuvent arriver fatigu\u00e9s et alt\u00e9r\u00e9s apr\u00e8s l&#8217;isolement et qu&#8217;avec patience et affection nous permettrons \u00e0 ce que nous sommes de se synchroniser.<\/p>\n<p>Transf\u00e9ministes, nous nous maintenons debout, nous nous battons, nous courons, nous \u00e9teignons et allumons des feux, nous nous pr\u00e9occupons et nous soutenons pendant que d&#8217;autres nous soutiennent aussi. Nous voulons que le THF soit cet espace o\u00f9 l&#8217;on peut se voir et o\u00f9 l&#8217;on peut se retrouver &#8230;.. pour danser, se reposer, s&#8217;inspirer, se reconna\u00eetre et respirer ensemble.<\/p>\n<p>Nous esp\u00e9rons que vous viendrez avec l&#8217;envie de rire, de discuter, d&#8217;\u00e9couter, de partager, de tisser de nouveaux r\u00e9seaux, de renforcer les anciens. Nous esp\u00e9rons que vous pourrez trouver dans ces journ\u00e9es une source de paix, de tranquillit\u00e9 et de repos pour recharger vos \u00e9nergies et (d\u00e9)faire des choses ensemble, les unes avec les autres.<\/p>\n<p>Nous nous verrons dans quelques jours, la rencontre sera temporaire, nous parlerons plusieurs langues, nous utiliserons nos intelligences collectives et nos \u00e9motions, nous aurons chaud et parfois aussi la chair de poule, nous gratterons nos d\u00e9mangeaisons, et grace \u00e0 ces moments ensemble nous tracerons s\u00fbrement de nouvelles potentialit\u00e9s, de nouveaux pr\u00e9sents possibles.<\/p>\n<p>une \u00e9treinte affectueuse<\/p>\n<p><strong id=\"IT\">ITALIANO<\/strong><\/p>\n<p>Qualche mese fa abbiamo iniziato questa avventura di riunirci ancora una volta in uno spazio fisico di incontro, uno di quelli in cui troviamo complicit\u00e0 (intrecciandoci) e generiamo cospirazioni (aspirando insieme).<\/p>\n<p>In quel momento i nostri cuori avevano gi\u00e0 iniziato un viaggio che i nostri corpi ora completano e mentre viaggiamo verso il THF possiamo pensare ai nostri amici, antenati e sorelline.<\/p>\n<p>All&#8217;inizio del viaggio possiamo ricordare cosa ci sostiene nella vita di tutti i giorni e cosa ci sostiene quando attraversiamo momenti straordinari, quando siamo forti e quando siamo vulnerabili. Chi sono coloro che ci sostengono? Cosa ci sostiene? Poi possiamo pensare a come teniamo cosa e chi ci tiene.<\/p>\n<p>Dal basso e dai lati, a volte precarie, a volte poco visibili o invisibili. Qual \u00e8 la nostra infrastruttura femminista? Quella che ci d\u00e0 un materasso, una tana, uno spazio di pace, acqua fresca e ombra quando siamo in fiamme. Quella che condivide con noi un piccolo pezzo di terra da cui possiamo vedere le stelle e immaginare le possibilit\u00e0.<\/p>\n<p>Mentre viaggiamo possiamo pensare a quali ricordi vogliamo costruire in quel futuro prossimo e condiviso, in quello spazio-tempo in cui disegneremo la nostra utopia situata. Ricordi del passato e del futuro presente che possiamo portare con noi nelle nostre stanze collegate, nei nostri centri sociali, nei frutteti, nei fiumi e negli ecosistemi di cui facciamo parte.<\/p>\n<p>Finch\u00e9 saremo in movimento, sapremo quale bagaglio abbiamo con noi, cosa portiamo con noi, cosa teniamo negli occhi e nel cuore. Ricordiamo che molti di noi hanno bisogno di guarire da tutte le violenze che affrontano e mitigano. Cercheremo di creare uno spazio al di fuori del patto patriarcale-capitalista.<\/p>\n<p>Mentre viaggiamo verso il THF ricorderemo anche che questi sono stati tempi difficili per molti e prepareremo i nostri cuori e i nostri pensieri a riconoscersi, a guardarsi con tenerezza e a darsi spazio se necessario per gli errori, a ricordare che i nostri corpi possono arrivare stanchi e alterati dopo l&#8217;isolamento e con pazienza e affetto permetteremo a ci\u00f2 che siamo di sincronizzarsi.<\/p>\n<p>Transfemministe, stiamo in piedi, lottiamo, corriamo, spegniamo e accendiamo fuochi, ci prendiamo cura e teniamo mentre altri tengono anche noi. Vogliamo che il THF sia quello spazio per vedersi e per potersi confrontare con &#8230;.. per danzare, riposare, ispirarsi, riconoscersi e respirare insieme.<\/p>\n<p>Ci auguriamo che veniate con il desiderio di ridere, chiacchierare, ascoltare, condividere, tessere nuove reti, rafforzare quelle vecchie. Ci auguriamo che possiate trovare in questi giorni una fonte di pace, tranquillit\u00e0 e riposo per ricaricare le energie e (dis)fare cose insieme, con gli altri.<\/p>\n<p>Ci vedremo tra qualche giorno, l&#8217;incontro sar\u00e0 temporaneo, parleremo diverse lingue, useremo le nostre intelligenze collettive e le nostre emozioni, avremo caldo e a volte anche la pelle d&#8217;oca, ci gratteremo i pruriti, e con questi momenti insieme sicuramente tracceremo nuove potenzialit\u00e0, nuovi possibili regali.<\/p>\n<p>un caldo abbraccio<\/p>\n<\/div>\n<\/div>\n<p>&nbsp;<\/p>\n<p>&nbsp;<\/p>\n<\/div>\n<\/div>\n","protected":false},"excerpt":{"rendered":"<p>ENG &#8211; FR &#8211; IT Hace algunos meses comenz\u00f3 esta aventura de convocarnos una vez m\u00e1s a un espacio de encuentro f\u00edsico, de esos en los que hallamos complicidades (entrelazarnos) y generamos conspiraciones (aspirar juntxs). En ese momento nuestro coraz\u00f3n hab\u00eda ya iniciado un viaje que ahora nuestras cuerpas completan y mientras viajemos al THF\u00a0 &hellip; <\/p>\n<p class=\"link-more\"><a href=\"https:\/\/zoiahorn.anarchaserver.org\/thf2022\/bienvenides-a-la-convergencia-transhackfeminista-2022\/\" class=\"more-link\">Continue reading<span class=\"screen-reader-text\"> &#8220;Bienvenides a la Convergencia TransHackFeminista 2022&#8221;<\/span><\/a><\/p>\n","protected":false},"author":2,"featured_media":0,"parent":0,"menu_order":0,"comment_status":"closed","ping_status":"closed","template":"","meta":{"footnotes":""},"class_list":["post-485","page","type-page","status-publish","hentry"],"_links":{"self":[{"href":"https:\/\/zoiahorn.anarchaserver.org\/thf2022\/wp-json\/wp\/v2\/pages\/485","targetHints":{"allow":["GET"]}}],"collection":[{"href":"https:\/\/zoiahorn.anarchaserver.org\/thf2022\/wp-json\/wp\/v2\/pages"}],"about":[{"href":"https:\/\/zoiahorn.anarchaserver.org\/thf2022\/wp-json\/wp\/v2\/types\/page"}],"author":[{"embeddable":true,"href":"https:\/\/zoiahorn.anarchaserver.org\/thf2022\/wp-json\/wp\/v2\/users\/2"}],"replies":[{"embeddable":true,"href":"https:\/\/zoiahorn.anarchaserver.org\/thf2022\/wp-json\/wp\/v2\/comments?post=485"}],"version-history":[{"count":3,"href":"https:\/\/zoiahorn.anarchaserver.org\/thf2022\/wp-json\/wp\/v2\/pages\/485\/revisions"}],"predecessor-version":[{"id":490,"href":"https:\/\/zoiahorn.anarchaserver.org\/thf2022\/wp-json\/wp\/v2\/pages\/485\/revisions\/490"}],"wp:attachment":[{"href":"https:\/\/zoiahorn.anarchaserver.org\/thf2022\/wp-json\/wp\/v2\/media?parent=485"}],"curies":[{"name":"wp","href":"https:\/\/api.w.org\/{rel}","templated":true}]}}